{"id":49,"date":"2013-12-10T21:38:27","date_gmt":"2013-12-10T21:38:27","guid":{"rendered":"http:\/\/85.182.247.55\/falk\/wordpress\/?page_id=49"},"modified":"2025-09-16T14:36:18","modified_gmt":"2025-09-16T14:36:18","slug":"impressum","status":"publish","type":"page","link":"https:\/\/www.bercomo.de\/?page_id=49","title":{"rendered":"Impressum"},"content":{"rendered":"<p lang=\"de-DE\" align=\"LEFT\"><span style=\"color: #000000;\"><span style=\"font-family: Arial,sans-serif;\"><span style=\"font-size: medium;\">BerCoMo<br \/>\nInh.: Friedrich Dinkelacker<br \/>\nHasseler Stra\u00dfe 20<br \/>\n29308 Winsen<br \/>\n<\/span><\/span><\/span><\/p>\n<p lang=\"de-DE\" align=\"LEFT\"><span style=\"color: #000000;\"><span style=\"font-family: Arial,sans-serif;\"><span style=\"font-size: medium;\">Telefon: 05143 6688900<img loading=\"lazy\" decoding=\"async\" style=\"border: 0px none; cursor: pointer; vertical-align: top;\" src=\"chrome:\/\/sipgateffx\/skin\/icon_click2dial.gif\" alt=\"\" width=\"16\" height=\"16\" align=\"bottom\" \/><img loading=\"lazy\" decoding=\"async\" style=\"border: 0px none; cursor: pointer; vertical-align: top;\" src=\"chrome:\/\/sipgateffx\/skin\/icon_click2dial.gif\" alt=\"\" width=\"16\" height=\"16\" align=\"bottom\" \/><br \/>\nMobil: 0160 1885023<img loading=\"lazy\" decoding=\"async\" style=\"border: 0px none; cursor: pointer; vertical-align: top;\" src=\"chrome:\/\/sipgateffx\/skin\/icon_click2dial.gif\" alt=\"\" width=\"16\" height=\"16\" align=\"bottom\" \/><img loading=\"lazy\" decoding=\"async\" style=\"border: 0px none; cursor: pointer; vertical-align: top;\" src=\"chrome:\/\/sipgateffx\/skin\/icon_click2dial.gif\" alt=\"\" width=\"16\" height=\"16\" align=\"bottom\" \/><\/span><\/span><span style=\"font-family: Helvetica,sans-serif;\"><span style=\"font-size: medium;\"><span style=\"font-family: Arial,sans-serif;\"><span style=\"font-size: medium;\"><br \/>\nE-Mail: <a href=\"mailto:kontakt@bercomo.de\" target=\"_blank\" rel=\"noopener noreferrer\">kontakt (at) bercomo.de<\/a><\/span><\/span><\/span><\/span><\/span><\/p>\n<p lang=\"de-DE\" align=\"LEFT\"><span style=\"color: #000000;\"><span style=\"font-family: Arial,sans-serif;\"><span style=\"font-size: medium;\">Steuernummer 47 \/ 109 \/ 04307 (Finanzamt Uelzen)<\/span><\/span><\/span><\/p>\n<p lang=\"de-DE\" align=\"LEFT\"><span style=\"color: #000000;\"><span style=\"font-family: Arial,sans-serif;\"><span style=\"font-size: medium;\">Inhaltlich Verantwortlicher gem\u00e4\u00df \u00a7 6 MDStV: Friedrich Dinkelacker<\/span><\/span><\/span><\/p>\n<p lang=\"de-DE\" align=\"LEFT\"><span style=\"color: #000000;\"><span style=\"font-family: Arial,sans-serif;\"><span style=\"font-size: medium;\">Haftungshinweis: Trotz sorgf\u00e4ltiger inhaltlicher Kontrolle \u00fcbernehmen wir keine Haftung f\u00fcr die Inhalte externer Links. F\u00fcr den Inhalt der verlinkten Seiten sind ausschlie\u00dflich deren Betreiber verantwortlich.<\/span><\/span><\/span><\/p>\n","protected":false},"excerpt":{"rendered":"<p>BerCoMo Inh.: Friedrich Dinkelacker Hasseler Stra\u00dfe 20 29308 Winsen Telefon: 05143 6688900 Mobil: 0160 1885023 E-Mail: kontakt (at) bercomo.de Steuernummer 47 \/ 109 \/ 04307 (Finanzamt Uelzen) Inhaltlich Verantwortlicher gem\u00e4\u00df \u00a7 6 MDStV: Friedrich Dinkelacker Haftungshinweis: Trotz sorgf\u00e4ltiger inhaltlicher Kontrolle \u00fcbernehmen wir keine Haftung f\u00fcr die Inhalte externer Links. F\u00fcr den Inhalt der verlinkten Seiten [&hellip;]<\/p>\n","protected":false},"author":1,"featured_media":208,"parent":0,"menu_order":4,"comment_status":"closed","ping_status":"closed","template":"","meta":{"footnotes":""},"class_list":["post-49","page","type-page","status-publish","has-post-thumbnail","hentry"],"_links":{"self":[{"href":"https:\/\/www.bercomo.de\/index.php?rest_route=\/wp\/v2\/pages\/49","targetHints":{"allow":["GET"]}}],"collection":[{"href":"https:\/\/www.bercomo.de\/index.php?rest_route=\/wp\/v2\/pages"}],"about":[{"href":"https:\/\/www.bercomo.de\/index.php?rest_route=\/wp\/v2\/types\/page"}],"author":[{"embeddable":true,"href":"https:\/\/www.bercomo.de\/index.php?rest_route=\/wp\/v2\/users\/1"}],"replies":[{"embeddable":true,"href":"https:\/\/www.bercomo.de\/index.php?rest_route=%2Fwp%2Fv2%2Fcomments&post=49"}],"version-history":[{"count":8,"href":"https:\/\/www.bercomo.de\/index.php?rest_route=\/wp\/v2\/pages\/49\/revisions"}],"predecessor-version":[{"id":216,"href":"https:\/\/www.bercomo.de\/index.php?rest_route=\/wp\/v2\/pages\/49\/revisions\/216"}],"wp:featuredmedia":[{"embeddable":true,"href":"https:\/\/www.bercomo.de\/index.php?rest_route=\/wp\/v2\/media\/208"}],"wp:attachment":[{"href":"https:\/\/www.bercomo.de\/index.php?rest_route=%2Fwp%2Fv2%2Fmedia&parent=49"}],"curies":[{"name":"wp","href":"https:\/\/api.w.org\/{rel}","templated":true}]}}